e prime factors of o(-75)?
3, 23, 37
Suppose -7*d - 1038 = -13*d. Suppose d - 1107 = -2*q. List the prime factors of q.
467
Let z(r) = 450*r**2 - 7*r - 44. List the prime factors of z(-7).
5, 11, 401
Let v(f) = -20*f**2 + 65*f - 32. Let k(s) = 5*s**2 - 16*s + 8. Let q(o) = 9*k(o) + 2*v(o). What are the prime factors of q(17)?
3, 5
Let b(j) = -51*j + 102. Let l(y) = -103*y + 205. Let i(x) = -13*b(x) + 6*l(x). List the prime factors of i(6).
2, 3, 29
Let l(z) = 19*z + 77. Let k(m) = -28*m - 115. Let q = -17 - -12. Let v(s) = q*k(s) - 7*l(s). What are the prime factors of v(8)?
2, 23
Suppose 31*x - 28 = 24*x. Suppose -439 = -2*k + 3*s, -25 = -s - x*s. What are the prime factors of k?
227
Suppose -5*w = -4*o - 10465, -w + o = -5*w + 8372. Suppose 0 = -6*p + w - 587. List the prime factors of p.
251
Suppose -5*i + 62 + 58 = 0. Suppose 0*h = -6*h - i. List the prime factors of h/(-3)*(-42)/(-4).
2, 7
Let t(h) = -25 + 14*h**2 + 9 + 4 + 4 + 0 - 27*h. List the prime factors of t(8).
2, 3, 7
Suppose 2*i - 47 - 73 = 5*w, 2*w + 5*i + 19 = 0. Suppose -25 + 189 = 4*z. Let k = z - w. What are the prime factors of k?
3, 7
Let j(y) = y**2 + 26*y + 25. Let o be j(-25). Let s be 3 + o/(-2 + 4) - -6. Suppose s*m + 4*m - 3146 = 0. List the prime factors of m.
2, 11
List the prime factors of 0 + 1 - (-138 - 8413).
2, 1069
What are the prime factors of 768*147/63*60/8?
2, 3, 5, 7
Let w = 223 + -198. Let k(m) = -11*m + 3. Let c be k(-6). Let f = c + w. What are the prime factors of f?
2, 47
Let z(d) = 2*d**2 - 74*d + 612. What are the prime factors of z(57)?
2, 3, 241
Let x be ((76 + -1)/3)/(6/(-6)). Let o = -22 - -65. Let k = x + o. What are the prime factors of k?
2, 3
Let b(m) = 384*m**2 - 1252*m - 10. What are the prime factors of b(-6)?
2, 10663
Let k(l) = 32*l + 20. Let d(h) = 10*h - 80. Let b be d(9). What are the prime factors of k(b)?
2, 5, 17
Suppose 0 = x - z - 3621, -11*x + 8*x = -5*z - 10865. List the prime factors of x.
2, 5, 181
Suppose 4*i + 29 - 146 = 5*v, v = -i + 36. Suppose c - 1670 = z, -28*z - 8340 = -5*c - i*z. List the prime factors of c.
1669
Let r(c) = c**3 + 120*c**2 - 999*c - 322. List the prime factors of r(-126).
2, 7, 541
Let p = 2993 + -4790. What are the prime factors of 4*6/((-72)/p)?
599
Let x be (-7)/(42/4) + (-34)/(-6). Suppose -x*u + 9 + 1 = 0. Suppose -3*n - 30 = -q, q - u*n - 38 = -3*n. What are the prime factors of q?
2, 3
Let p be (-45 - -4)/((-12)/144). Suppose p = -5*s + 5377. List the prime factors of s.
977
What are the prime factors of (-522)/(-870) - (1 + (-46052)/5)?
2, 3, 5, 307
Let x = 1894 + 694. Suppose 17*t - x = 6949. List the prime factors of t.
3, 11, 17
Let v(y) be the second derivative of 43*y**3/6 + 22*y**2 - 117*y. List the prime factors of v(5).
7, 37
List the prime factors of (-180)/(-24)*(4 - 2).
3, 5
Let z be (896 - 0) + -2 + 8. Let i = -532 + z. List the prime factors of i.
2, 5, 37
Let r(z) = -z**3 + 5*z**2 + 3*z. Let u be r(3). Let x be (166 + 0/6)/(-1 - -3). Let h = x - u. What are the prime factors of h?
2, 7
Suppose 10 = k + 2*a - 2, -5*k - 2*a = -20. Suppose -7 = -k*m - 15. What are the prime factors of -6*m/120 + 664/5?
7, 19
Let k(x) = 71*x + 112. Let n be k(14). Suppose -n + 8711 = 9*s. List the prime factors of s.
5, 13
Suppose 890*c = 1037*c - 754698. List the prime factors of c.
2, 17, 151
Suppose 230*b + 4*t = 227*b + 123145, -5*b + 2*t = -205259. What are the prime factors of b?
41051
Let m(w) = -1525*w + 4503. List the prime factors of m(-10).
19753
Let g(b) be the second derivative of -5*b**3/2 + 23*b**2 + b + 14. What are the prime factors of g(-9)?
181
Let a be (1/(6/4))/((-8)/444). Let k = a + 72. Suppose 3*p + 5*q + 10 = -0*q, 4*p = 3*q + k. List the prime factors of p.
5
Let a(k) = 10*k + 69. Let r be -2*(200/(-16) + 7). What are the prime factors of a(r)?
179
Suppose -p + 6575 = 2*b, 32923 = -6*p + 11*p - 2*b. List the prime factors of p.
29, 227
Let k(n) = -1188*n - 11. Let g be k(-3). List the prime factors of g/51*30/2.
5, 11, 19
Let g(i) = 12*i**2 - 11*i - 36. Suppose 9*a - 24*a + 150 = 0. List the prime factors of g(a).
2, 17, 31
Suppose -11*n + 8*n = 0. Suppose n = 9*k + 5*k - 2044. Let c = k - 12. What are the prime factors of c?
2, 67
Let y(b) = -3*b**2 - 52*b + 32822. What are the prime factors of y(0)?
2, 16411
Let j(q) = q**2 - q + 5. Let r be j(0). Let z = r - -2. Suppose 4*w = z*w - 126. What are the prime factors of w?
2, 3, 7
Suppose 320 = -5*k + 245. List the prime factors of ((-3676)/6)/(10/k).
919
Let t(d) = 42*d - 83. Let m = -351 + 364. List the prime factors of t(m).
463
Suppose 5*a - 95187 = -z, 6*a - 2*z - 38082 = 4*a. What are the prime factors of a?
2, 3, 19, 167
Suppose -3*b + 303 = -0*b. Suppose 0 = 99*a - b*a + 132. What are the prime factors of a?
2, 3, 11
Let c = 156 + -158. List the prime factors of -3 + c + (-624)/(-2).
307
Let r = 20 - 10. Suppose -3*k - 6*c + 10*c + 1024 = 0, 0 = -4*k - 3*c + 1332. Suppose -k = r*m - 13*m. List the prime factors of m.
2, 7
Suppose -5*f + 12171 = -0*f + w, -f + 2432 = -2*w. List the prime factors of f.
2, 1217
Suppose -3*h + 23*w - 21*w + 254666 = 0, 5*w - 84917 = -h. What are the prime factors of h?
2, 19, 1117
Let t be 11 - ((-1)/(-3) + 10/(-30)). Let q(m) be the first derivative of 2*m**3/3 - 17*m**2/2 + 8*m + 1. What are the prime factors of q(t)?
3, 7
Let k = 367 + -144. Suppose -3*u - 2*w + 22 = 0, -47*u + 2*w - 30 = -51*u. Suppose -u*m + k = -273. What are the prime factors of m?
2, 31
Let a(q) = 13*q**2 + 15*q**2 + 6*q + 6 + 21*q**2 - 23*q**2. What are the prime factors of a(-3)?
2, 3, 37
Suppose -63*i + 795 = -58*i. Suppose -5*a + i = -136. Let b = a - -99. What are the prime factors of b?
2, 79
Let g = -9587 + 32908. What are the prime factors of g?
23321
Let v be 2*3/6 - -3. List the prime factors of 84/((v/20)/((-6)/(-10))).
2, 3, 7
Suppose -7*o + 12*o + 2*d = 13136, -3*d - 7890 = -3*o. What are the prime factors of o?
2, 3, 73
Suppose -590 = -72*f + 62*f. List the prime factors of (1685 - -1)/(59/f).
2, 3, 281
Suppose -789 = h - 4*h. Suppose 1241 = 3*i + h. Suppose -t - 3*a + 104 = 14, -4*t + 5*a = -i. List the prime factors of t.
2, 3, 7
Suppose 6*s + 20141 + 29051 = 19*s. What are the prime factors of s?
2, 11, 43
Let y(p) = -2*p + 1. Let h be y(-1). Let a be (-32)/(-208) - (1 + 8123/(-13)). Suppose -j - h*j = -a. List the prime factors of j.
2, 3, 13
Let j(k) = k**3 - 73*k**2 + 2472*k - 36. List the prime factors of j(44).
2, 13147
List the prime factors of 1507/1918 + (-1)/2 + 407076/7.
2, 29077
Suppose 6*x - 20 = 10*x, -5*x = -d + 46. Let j = 285 - d. List the prime factors of j.
2, 3, 11
Let m = 26266 + 13360. List the prime factors of m.
2, 19813
Suppose 16*n - 101413 + 2306 = -7*n. List the prime factors of n.
31, 139
Let h = -15 + 22. Let g(n) = n**3 + 11 - 3*n**2 + 8 - 5*n**2 + h*n. List the prime factors of g(8).
3, 5
Let p(n) = 3*n**2 - 5*n - 7. Let f be p(6). Let u = f + 1. Suppose 0*j - 119 = -5*j - q, 0 = 4*j - 5*q - u. List the prime factors of j.
23
Let i be ((-4)/10)/((-1)/20). What are the prime factors of 21/(-6)*-626*i/28?
2, 313
Let c(w) = 149*w**2 + 9*w - 11. Let x(u) = 446*u**2 + 28*u - 33. Let q(s) = -8*c(s) + 3*x(s). What are the prime factors of q(3)?
13, 103
Let s(c) = 32*c**2 + 3*c + 12. Suppose 10*j - 7*j = 15. List the prime factors of s(j).
827
Let s(y) = -5*y + 132*y**2 + 58*y**2 - 3 + 0. Suppose -q - 2*f - 5 = 0, 6 + 1 = 3*q - 5*f. What are the prime factors of s(q)?
2, 3
Suppose 32*v - 120112 = 215760. List the prime factors of v.
2, 41
Suppose 8*x - 4*x - 17*x = -51675. What are the prime factors of x?
3, 5, 53
Suppose -a - 5*d = -d - 18153, -32*d = 224. What are the prime factors of a?
18181
Let d be 4/3 - ((-246)/18 - -1). Let x be 4/d + 5032/28 + 6. Let o = -106 + x. List the prime factors of o.
2, 5
What are the prime factors of 18*(20432/32 + -16)?
3, 5, 83
Let x(y) = -47*y**2 - 6*y - 23. Suppose d = 4*d - 51. Let f(n) = -16*n**2 - 2*n - 8. Let t(c) = d*f(c) - 6*x(c). What are the prime factors of t(-2)?
2, 19
Let g be 10 + 0 + (4 - 2). Suppose 616 = 2*v + 4*q, 0 = -5*v - 8*q + g*q + 1582. What are the prime factors of v?
2, 157
Let o = -10912 + 18435. List the prime factors of o.
7523
Suppose 11*d = -10*d + 37275. Let y = d - 995. What are the prime factor